- 3. Let c be w(n). Let i = c + -42. Calculate the remainder when i is divided by 13.
11
Let q be ((-2)/(-3))/((-2)/(-15)). Suppose -2*i = 3*i + 3*k - 3, 5*k = -q*i - 5. What is the remainder when 7 is divided by i?
1
Calculate the remainder when (-2)/(-7) - (-528)/14 is divided by 15.
8
Let x = 55 + -33. Calculate the remainder when 43 is divided by x.
21
Let s = 8 + -4. Calculate the remainder when 39 is divided by s/(-5)*100/(-8).
9
Suppose l = w + 6*l - 46, 0 = 3*w + 4*l - 83. Calculate the remainder when w is divided by 4.
1
Suppose 0 = -n - n - 2. What is the remainder when -5*3*3/(-9) is divided by 2/(1 + 1) - n?
1
Suppose 11 = 5*h + 2*n, 0 = h + h + 2*n - 8. Let b be (h - -22)/(5 + -4). Let p = b - 13. What is the remainder when 29 is divided by p?
9
Let f(n) = n**3 + 10*n**2 + n + 12. Let c be f(-10). Suppose 30 = g + c*g. Suppose y - 95 = -4*y. Calculate the remainder when y is divided by g.
9
Let r(w) = 13*w - 16. Calculate the remainder when 65 is divided by r(2).
5
Calculate the remainder when 1/((-3 - 0)/(-63)) is divided by 8.
5
Suppose 0 = -2*s - 3*s + 145. Let r = s + -18. Suppose h = 2 + 5. Calculate the remainder when r is divided by h.
4
What is the remainder when (-3)/((-15)/(-44))*40/(-16) is divided by 3/6*(25 + -1)?
10
Let v(n) = 9*n + 93. Calculate the remainder when 17 is divided by v(-9).
5
Suppose -10 = -5*u + 45. What is the remainder when 29 is divided by u?
7
Let v be ((-1)/(-2))/((-2)/268). Let b = v + 102. Calculate the remainder when 43 is divided by b/3 - 8/12.
10
Suppose -6*u + 179 = 4*r - 3*u, -4*r + 5*u + 139 = 0. What is the remainder when r is divided by 9?
5
Suppose -5*t + 2*b = -56, -b - 3*b + 18 = 3*t. What is the remainder when 27 is divided by t?
7
Let v be (1 + -3)*(-3)/(-6). Let r = 6 + v. Let f = 3 + r. Calculate the remainder when 15 is divided by f.
7
Let k(q) = 3*q**3 - 2*q**2 - 2. Suppose -195 = -8*j + 3*j. What is the remainder when j is divided by k(2)?
11
Suppose 5*t - 4*y - 1 - 1 = 0, 2*t + 5*y = 14. Suppose 0 = 2*u + t*u - 4*j - 72, -3*j - 72 = -4*u. Calculate the remainder when 34 is divided by u.
16
Let r be 6/9*-3 + 6. Let t(g) = 2*g**2 - 5*g + 1. Calculate the remainder when t(r) is divided by 5.
3
Let c(o) = o - 5. Let f be c(7). Let p be ((-1)/f)/((-1)/114). Suppose -196 = -5*x + l - p, -2*l + 2 = 0. Calculate the remainder when x is divided by 10.
8
Suppose c + 6*n - 82 = 3*n, 0 = -5*c + 3*n + 464. What is the remainder when c is divided by 23?
22
Let x(n) = n**3 - 7*n**2 - 3*n - 2. Suppose 4*p = 2*h + 58, -5*p + h = -3*h - 77. What is the remainder when x(8) is divided by p?
12
What is the remainder when ((-128)/(-12))/(-4)*-15 is divided by 11?
7
Let k = 20 - 15. Suppose -3*o + 55 = 5*d, 4*o - k*o - 5 = 0. What is the remainder when 40 is divided by d?
12
Let w = -6 + 25. Calculate the remainder when w is divided by 5.
4
Suppose -7 = w - 2*w. Suppose -6*x - 165 = -21*x. What is the remainder when x is divided by w?
4
Let q(x) = 4*x**2 - 3*x + 2. Suppose v + 0 = -6. What is the remainder when (22/v)/((-2)/12) is divided by q(2)?
10
Let w(z) = 7*z - 6. Let b be 8 + -1*(0 - -2). Calculate the remainder when w(b) is divided by 19.
17
Let h = 20 + 0. Suppose 0*v = 4*v - h. Calculate the remainder when 13 is divided by v.
3
Let d(m) = -13*m**3 - 2*m**2 - m. Suppose 3*w = -w + 140. Calculate the remainder when w is divided by d(-1).
11
Let y be (2/(-3)*3)/1. Let c(k) be the third derivative of -k**6/30 - k**5/20 - k**4/12 - k**3/6 + 6*k**2. Calculate the remainder when c(y) is divided by 12.
11
Let f(g) = g**2 - 8*g + 8. Let l be f(7). Suppose -3*s + 2*s = -5*d + 235, 2*d + 5*s = 94. What is the remainder when d is divided by ((-45)/l)/(-3) - -1?
15
Let n(x) = 3*x + 2. Let m = -1 - -3. Let q = -10 + 32. What is the remainder when q is divided by n(m)?
6
Suppose 9*u - 14*u = -75. What is the remainder when 41 is divided by u?
11
Suppose 4*q = 5*i - 0*i + 28, 56 = 5*q - i. Let z = 2 + 5. Calculate the remainder when q is divided by z.
5
Let n = 3 - 0. Suppose 2*x - n - 15 = 0. Calculate the remainder when 16 is divided by x.
7
Let g(m) = -m + 20. Calculate the remainder when 22 is divided by g(14).
4
What is the remainder when (2 - -31) + 7 + -7 is divided by 7?
5
Suppose -7*w = -20 - 29. Calculate the remainder when (-1 + 2)/((-2)/(-26)) is divided by w.
6
Suppose 166 = 4*c + 2*y, -2*c - 3*y + 171 = 2*c. Calculate the remainder when c is divided by 14.
11
Let q(b) = b**2 - 17*b - 14. Calculate the remainder when 6 is divided by q(18).
2
Let l = -30 - -75. Calculate the remainder when l is divided by -24*(-3)/(-9)*-2.
13
Calculate the remainder when (-5)/(-1)*(-874)/(-115) is divided by 12.
2
Suppose -4*b + q + 22 = -4*q, 0 = 2*b + q - 18. What is the remainder when (-4)/10 + 117/5 is divided by b?
7
Let d = 2 - 2. Suppose 6*s - s + 45 = d. Let q = -5 - s. What is the remainder when q is divided by 3?
1
Let y(f) = 1 + f + 7 + 1. Let m be y(-10). Calculate the remainder when 17 is divided by m/((12/(-27))/4).
8
Suppose 0 = 7*m - 3*m - 148. Let y = m + -20. Suppose -p + f = -y, -2*p = -f + 2*f - 19. What is the remainder when 35 is divided by p?
11
Let q(j) = -5*j - 10. Let m be q(-7). Let u = m - 17. Calculate the remainder when 22 is divided by u.
6
Let u = -34 - -43. What is the remainder when u is divided by 4?
1
Let u(j) = 10*j - 23. Calculate the remainder when 106 is divided by u(6).
32
Let w = -9 - -18. Suppose 4*t = 5*p - 10*p + 100, 0 = -4*t + 20. Calculate the remainder when p is divided by w.
7
Suppose -5*g = -2*i + 67, -3*i + 0*g + 126 = g. Calculate the remainder when i is divided by 9.
5
What is the remainder when (-4)/(-18) + 1926/81 is divided by 13?
11
Calculate the remainder when 60 is divided by (8/12)/2*(0 - -21).
4
Suppose 5*z = -3*j + 15 - 167, 0 = -3*z + 4*j - 68. Let b = z - -60. Let d = -11 - -22. What is the remainder when b is divided by d?
10
Let y(u) = -14*u - 1. Let h be y(-2). Let b = h + -18. What is the remainder when (-1 + -1)/(-2) + 32 is divided by b?
6
Calculate the remainder when (1 - 3) + 5 + 104 is divided by 24.
11
Suppose 2*j = 18 - 8. Calculate the remainder when j is divided by 4.
1
Let g(y) = 4*y**2 - 10 - y**2 - 2*y**2 + 5*y. Suppose 3*q + 29 = -2*m - 2*q, 4*q = m - 5. Calculate the remainder when g(m) is divided by 3.
1
Let k = -166 + 292. Calculate the remainder when 19 is divided by k/24 + (-1)/4.
4
Let y(n) = 2*n**2 + 11*n + 6. Let a be y(-7). Let k = a + 11. What is the remainder when k is divided by (26/(-4))/((-2)/4)?
12
Let p(q) = -33*q**2 - q + 5. Let t(n) = -8*n**2 + 1. Let k(u) = 4*p(u) - 18*t(u). Calculate the remainder when k(2) is divided by 22.
20
Suppose 3*l + 25 = 8*l. Calculate the remainder when l is divided by 3.
2
Let i be (-4)/6 + (-58)/(-6). Suppose 9 = 2*r + 1. Suppose i*q - 25 = r*q. Calculate the remainder when 18 is divided by q.
3
Let p be (-8)/(0 - -2) + 83. Suppose -h = -4*g - 2*h + p, -g + 6 = 3*h. What is the remainder when 61 is divided by g?
19
Let r = -4 - -31. What is the remainder when r is divided by 7?
6
Suppose j - 51 = -2*j. Calculate the remainder when 33 is divided by j.
16
Suppose -2*s = -6, 24 = 3*o - 0*o + 3*s. Calculate the remainder when o is divided by 3.
2
Let z = 16 - 9. Let d = 7 - 1. Suppose 0 = -5*m + 106 - d. What is the remainder when m is divided by z?
6
Suppose 0*o + 5*y + 5 = -4*o, 0 = y + 5. Suppose 5*k + 3 = l, -o*l + 15 = -5*k - 0*k. Suppose 0*s + l*s - 9 = 0. Calculate the remainder when 4 is divided by s.
1
Let y be (2/4)/(1/2). Let g(v) = -37*v**3 - v**2 + 2*v - 1. Let f be g(y). Let t = 54 + f. Calculate the remainder when t is divided by 9.
8
Let v = -22 - -45. Calculate the remainder when 66 is divided by v.
20
Let h(b) = -11*b + 22. Let l(s) = 6*s - 11. Let d(m) = -3*h(m) - 5*l(m). What is the remainder when 23 is divided by d(8)?
10
Let v be (32/(-10))/((-1)/(-5)). Let z = 24 + v. Let n(o) = 6*o - 1. What is the remainder when n(4) is divided by z?
7
Let x(h) = 12*h - 9. What is the remainder when x(7) is divided by 26?
23
Suppose 11 = t + 3*t - 5*r, 34 = t + 5*r. Let w = t + -19. Calculate the remainder when 24 is divided by (-15)/w*52/6.
11
Let t = 18 - 25. Let n = 18 - t. What is the remainder when n is divided by 14?
11
Let d(t) = -t**2 - 5*t - 1. What is the remain